0.
10
What is the highest common divisor of 184 and 13165108?
92
Calculate the greatest common divisor of 57590020 and 20.
20
Calculate the highest common factor of 13 and 558847991.
13
What is the greatest common factor of 28054944 and 108?
108
Calculate the highest common divisor of 3639 and 19210281.
3639
What is the greatest common divisor of 5357789 and 1206?
67
Calculate the highest common factor of 2938148 and 324.
4
What is the highest common divisor of 35539471 and 10527?
319
What is the greatest common divisor of 40876 and 346852?
44
Calculate the greatest common divisor of 1965118700 and 19.
19
Calculate the highest common factor of 5004 and 33456744.
5004
Calculate the highest common divisor of 2 and 110430870.
2
What is the greatest common factor of 1167 and 42162?
3
Calculate the highest common divisor of 16593599 and 275.
11
Calculate the greatest common divisor of 26359095 and 714.
357
What is the greatest common factor of 157 and 2114633?
157
What is the greatest common divisor of 17730 and 5535810?
90
Calculate the highest common factor of 49822 and 7517968.
1718
What is the greatest common factor of 1708144 and 96?
16
What is the highest common factor of 11797555 and 385?
385
What is the highest common divisor of 1818 and 281592?
18
Calculate the greatest common factor of 1226 and 6114062.
1226
What is the greatest common divisor of 6864 and 109868?
44
What is the greatest common factor of 9 and 245009430?
9
Calculate the highest common factor of 103877 and 88399.
109
What is the greatest common divisor of 4902018 and 4818?
66
Calculate the highest common divisor of 946 and 529383019.
473
Calculate the highest common factor of 6422445 and 16605.
1845
Calculate the highest common factor of 37952 and 29057.
593
What is the greatest common factor of 10920 and 22966216?
728
Calculate the greatest common factor of 31902 and 56588831.
5317
What is the highest common divisor of 1062531 and 828?
207
What is the greatest common divisor of 51 and 247196?
1
What is the greatest common divisor of 262434 and 116790?
1374
Calculate the highest common factor of 45 and 62499180.
15
What is the highest common divisor of 786435127 and 4601?
4601
What is the greatest common divisor of 21105 and 430570?
35
What is the greatest common divisor of 132956 and 1682048?
3092
What is the greatest common factor of 4698 and 3883747338?
4698
What is the greatest common factor of 4 and 4881644?
4
Calculate the highest common divisor of 4517810 and 1340.
670
Calculate the greatest common factor of 1324202 and 33.
11
Calculate the greatest common divisor of 458 and 7396471.
229
Calculate the highest common divisor of 16207 and 10678.
19
What is the highest common factor of 394379 and 42107?
41
What is the highest common divisor of 1388611 and 11067?
119
What is the highest common divisor of 2656654 and 7969?
13
Calculate the greatest common divisor of 7300 and 991025.
25
Calculate the highest common factor of 971403411 and 1419.
1419
What is the greatest common factor of 4833572 and 1394?
82
Calculate the greatest common factor of 3409 and 56306940.
487
Calculate the highest common factor of 673585 and 11516483.
3641
Calculate the highest common divisor of 18133675 and 5650.
2825
Calculate the highest common divisor of 6039 and 2327699.
671
Calculate the greatest common divisor of 685 and 18117839.
137
Calculate the highest common factor of 55 and 117640490.
55
Calculate the highest common factor of 16256 and 18329216.
128
Calculate the highest common factor of 2945 and 1882010.
155
Calculate the greatest common divisor of 3757310 and 5110.
730
What is the highest common factor of 36591 and 2472?
3
Calculate the greatest common factor of 4656140 and 90.
10
What is the highest common divisor of 176535 and 21051?
9
What is the highest common divisor of 58 and 88859422?
58
What is the highest common factor of 7622783 and 29988?
833
What is the greatest common divisor of 378603 and 30705345?
6417
Calculate the greatest common divisor of 1361708 and 675628.
268
Calculate the greatest common divisor of 5048 and 26072.
8
Calculate the greatest common divisor of 3940 and 1018208290.
1970
Calculate the highest common divisor of 2076460 and 106.
2
What is the highest common divisor of 3545874 and 342?
18
What is the greatest common divisor of 17024 and 14877?
19
Calculate the greatest common divisor of 89639265 and 15.
15
What is the highest common factor of 98169838 and 26?
26
Calculate the greatest common divisor of 2226 and 14033446.
742
What is the greatest common divisor of 1027376 and 217?
7
What is the greatest common divisor of 250 and 452430?
10
What is the greatest common factor of 408 and 87494104?
136
Calculate the greatest common factor of 3751 and 7352323.
121
Calculate the greatest common divisor of 11662588 and 1570.
314
What is the highest common divisor of 801749 and 1443?
13
Calculate the highest common divisor of 164239911 and 396.
99
What is the highest common factor of 526119 and 1566587?
1177
Calculate the greatest common factor of 48536579 and 16933.
287
What is the greatest common factor of 4784299 and 14651?
299
What is the highest common factor of 1474343717 and 68?
17
What is the highest common divisor of 133964848 and 88?
8
What is the greatest common factor of 3612 and 17862759?
129
Calculate the highest common divisor of 87133550 and 6266.
482
Calculate the greatest common factor of 105395 and 127865.
535
What is the greatest common divisor of 282289 and 406?
7
Calculate the greatest common divisor of 11137 and 98325391.
1591
Calculate the greatest common factor of 114863436 and 226458.
9846
Calculate the highest common factor of 15417 and 1066057.
571
What is the greatest common divisor of 2453679 and 551?
19
Calculate the highest common factor of 2925 and 7073820.
585
What is the highest common factor of 45573 and 4686?
33
What is the greatest common divisor of 113750 and 21625?
125
Calculate the highest common factor of 4 and 416013.
1
Calculate the greatest common factor of 4366555 and 740.
185
Calculate the highest common divisor of 13 and 12680941.
13
Calculate the highest common divisor of 84 and 117512832.
12
What is the highest common factor of 525695 and 7413418?
2237
Calculate the highest common factor of 95 and 7965.
5
What is the highest common factor of 150977 and 232832?
1819
What is the highest common divisor of 110 and 1034040986?
22
Calculate the greatest common factor of 567077 and 51688.
497
What is the highest common factor of 1294942 and 11858?
242
Calculate the greatest common divisor of 13290 and 2393850.
30
Calculate the highest common divisor of 68565 and 43260.
105
What is the highest common factor of 56252 and 2965448?
164
What is the highest common factor of 9292 and 2033332?
404
Calculate the highest common factor of 92628 and 5425062.
186
What is the greatest common factor of 527753633 and 11?
11
What is the greatest common factor of 5329260 and 1215?
135
What is the highest common factor of 9 and 3885339?
3
What is the highest common divisor of 128843 and 583?
583
Calculate the greatest common divisor of 147960 and 7647340.
2740
What is the highest common divisor of 128952 and 402408?
648
Calculate the highest common factor of 15367264 and 704.
352
Calculate the greatest common factor of 54 and 29581038.
54
Calculate the greatest common divisor of 2461 and 141749.
23
What is the greatest common factor of 7177742 and 1397?
11
What is the greatest common factor of 92596 and 91?
7
What is the highest common divisor of 100 and 8621950?
50
What is the greatest common factor of 1125 and 675?
225
What is the highest common divisor of 60389100 and 22644?
612
What is the highest common factor of 106 and 445518?
106
Calculate the highest common divisor of 7 and 68461533.
7
What is the highest common factor of 7440 and 1036144?
496
Calculate the greatest common factor of 346 and 10197658.
346
What is the greatest common factor of 105372 and 74268?
36
Calculate the greatest common factor of 21117976 and 550.
22
Calculate the highest common divisor of 146559 and 1028904.
2991
What is the highest common factor of 324343188 and 306?
18
Calculate the greatest common factor of 3300 and 7964025.
75
Calculate the great